{"id":310,"date":"2023-10-11T04:53:02","date_gmt":"2023-10-11T04:53:02","guid":{"rendered":"https:\/\/jtobarfbienesraices.com\/?page_id=310"},"modified":"2023-10-11T05:05:57","modified_gmt":"2023-10-11T05:05:57","slug":"casa-en-venta-en-gorgona","status":"publish","type":"page","link":"https:\/\/jtobarfbienesraices.com\/index.php\/casa-en-venta-en-gorgona\/","title":{"rendered":"Casa en venta en Gorgona"},"content":{"rendered":"\t\t<div data-elementor-type=\"wp-page\" data-elementor-id=\"310\" class=\"elementor elementor-310\">\n\t\t\t\t\t\t\t\t\t<section class=\"elementor-section elementor-top-section elementor-element elementor-element-fccb854 elementor-section-boxed elementor-section-height-default elementor-section-height-default\" data-id=\"fccb854\" data-element_type=\"section\">\n\t\t\t\t\t\t<div class=\"elementor-container elementor-column-gap-default\">\n\t\t\t\t\t<div class=\"elementor-column elementor-col-100 elementor-top-column elementor-element elementor-element-4ee2f28\" data-id=\"4ee2f28\" data-element_type=\"column\">\n\t\t\t<div class=\"elementor-widget-wrap elementor-element-populated\">\n\t\t\t\t\t\t\t\t<div class=\"elementor-element elementor-element-a9376bf elementor-widget elementor-widget-image\" data-id=\"a9376bf\" data-element_type=\"widget\" data-widget_type=\"image.default\">\n\t\t\t\t<div class=\"elementor-widget-container\">\n\t\t\t<style>\/*! elementor - v3.15.0 - 20-08-2023 *\/\n.elementor-widget-image{text-align:center}.elementor-widget-image a{display:inline-block}.elementor-widget-image a img[src$=\".svg\"]{width:48px}.elementor-widget-image img{vertical-align:middle;display:inline-block}<\/style>\t\t\t\t\t\t\t\t\t\t\t\t<img decoding=\"async\" loading=\"lazy\" width=\"979\" height=\"739\" src=\"https:\/\/jtobarfbienesraices.com\/wp-content\/uploads\/2023\/10\/WhatsApp-Image-2023-03-13-at-11.28.55-AM-1.jpeg\" class=\"attachment-large size-large wp-image-303\" alt=\"\" srcset=\"https:\/\/jtobarfbienesraices.com\/wp-content\/uploads\/2023\/10\/WhatsApp-Image-2023-03-13-at-11.28.55-AM-1.jpeg 979w, https:\/\/jtobarfbienesraices.com\/wp-content\/uploads\/2023\/10\/WhatsApp-Image-2023-03-13-at-11.28.55-AM-1-300x226.jpeg 300w, https:\/\/jtobarfbienesraices.com\/wp-content\/uploads\/2023\/10\/WhatsApp-Image-2023-03-13-at-11.28.55-AM-1-768x580.jpeg 768w\" sizes=\"(max-width: 979px) 100vw, 979px\" \/>\t\t\t\t\t\t\t\t\t\t\t\t\t\t\t<\/div>\n\t\t\t\t<\/div>\n\t\t\t\t\t<\/div>\n\t\t<\/div>\n\t\t\t\t\t\t\t<\/div>\n\t\t<\/section>\n\t\t\t\t<section class=\"elementor-section elementor-top-section elementor-element elementor-element-f040838 elementor-section-boxed elementor-section-height-default elementor-section-height-default\" data-id=\"f040838\" data-element_type=\"section\">\n\t\t\t\t\t\t<div class=\"elementor-container elementor-column-gap-default\">\n\t\t\t\t\t<div class=\"elementor-column elementor-col-100 elementor-top-column elementor-element elementor-element-6dad2ba\" data-id=\"6dad2ba\" data-element_type=\"column\">\n\t\t\t<div class=\"elementor-widget-wrap elementor-element-populated\">\n\t\t\t\t\t\t\t\t<div class=\"elementor-element elementor-element-1786d11 elementor-widget elementor-widget-image\" data-id=\"1786d11\" data-element_type=\"widget\" data-widget_type=\"image.default\">\n\t\t\t\t<div class=\"elementor-widget-container\">\n\t\t\t\t\t\t\t\t\t\t\t\t\t\t\t<img decoding=\"async\" loading=\"lazy\" width=\"979\" height=\"737\" src=\"https:\/\/jtobarfbienesraices.com\/wp-content\/uploads\/2023\/10\/WhatsApp-Image-2023-03-13-at-11.28.55-AM-2.jpeg\" class=\"attachment-large size-large wp-image-304\" alt=\"\" srcset=\"https:\/\/jtobarfbienesraices.com\/wp-content\/uploads\/2023\/10\/WhatsApp-Image-2023-03-13-at-11.28.55-AM-2.jpeg 979w, https:\/\/jtobarfbienesraices.com\/wp-content\/uploads\/2023\/10\/WhatsApp-Image-2023-03-13-at-11.28.55-AM-2-300x226.jpeg 300w, https:\/\/jtobarfbienesraices.com\/wp-content\/uploads\/2023\/10\/WhatsApp-Image-2023-03-13-at-11.28.55-AM-2-768x578.jpeg 768w\" sizes=\"(max-width: 979px) 100vw, 979px\" \/>\t\t\t\t\t\t\t\t\t\t\t\t\t\t\t<\/div>\n\t\t\t\t<\/div>\n\t\t\t\t\t<\/div>\n\t\t<\/div>\n\t\t\t\t\t\t\t<\/div>\n\t\t<\/section>\n\t\t\t\t<section class=\"elementor-section elementor-top-section elementor-element elementor-element-efec53e elementor-section-boxed elementor-section-height-default elementor-section-height-default\" data-id=\"efec53e\" data-element_type=\"section\">\n\t\t\t\t\t\t<div class=\"elementor-container elementor-column-gap-default\">\n\t\t\t\t\t<div class=\"elementor-column elementor-col-100 elementor-top-column elementor-element elementor-element-cb5bdc5\" data-id=\"cb5bdc5\" data-element_type=\"column\">\n\t\t\t<div class=\"elementor-widget-wrap elementor-element-populated\">\n\t\t\t\t\t\t\t\t<div class=\"elementor-element elementor-element-7b9accb elementor-widget elementor-widget-image\" data-id=\"7b9accb\" data-element_type=\"widget\" data-widget_type=\"image.default\">\n\t\t\t\t<div class=\"elementor-widget-container\">\n\t\t\t\t\t\t\t\t\t\t\t\t\t\t\t<img decoding=\"async\" loading=\"lazy\" width=\"652\" height=\"743\" src=\"https:\/\/jtobarfbienesraices.com\/wp-content\/uploads\/2023\/10\/WhatsApp-Image-2023-03-13-at-11.28.53-AM.jpeg\" class=\"attachment-large size-large wp-image-298\" alt=\"\" srcset=\"https:\/\/jtobarfbienesraices.com\/wp-content\/uploads\/2023\/10\/WhatsApp-Image-2023-03-13-at-11.28.53-AM.jpeg 652w, https:\/\/jtobarfbienesraices.com\/wp-content\/uploads\/2023\/10\/WhatsApp-Image-2023-03-13-at-11.28.53-AM-263x300.jpeg 263w\" sizes=\"(max-width: 652px) 100vw, 652px\" \/>\t\t\t\t\t\t\t\t\t\t\t\t\t\t\t<\/div>\n\t\t\t\t<\/div>\n\t\t\t\t\t<\/div>\n\t\t<\/div>\n\t\t\t\t\t\t\t<\/div>\n\t\t<\/section>\n\t\t\t\t<section class=\"elementor-section elementor-top-section elementor-element elementor-element-34e376e elementor-section-boxed elementor-section-height-default elementor-section-height-default\" data-id=\"34e376e\" data-element_type=\"section\">\n\t\t\t\t\t\t<div class=\"elementor-container elementor-column-gap-default\">\n\t\t\t\t\t<div class=\"elementor-column elementor-col-100 elementor-top-column elementor-element elementor-element-fc54d64\" data-id=\"fc54d64\" data-element_type=\"column\">\n\t\t\t<div class=\"elementor-widget-wrap elementor-element-populated\">\n\t\t\t\t\t\t\t\t<div class=\"elementor-element elementor-element-11e63e9 elementor-widget elementor-widget-image\" data-id=\"11e63e9\" data-element_type=\"widget\" data-widget_type=\"image.default\">\n\t\t\t\t<div class=\"elementor-widget-container\">\n\t\t\t\t\t\t\t\t\t\t\t\t\t\t\t<img decoding=\"async\" loading=\"lazy\" width=\"768\" height=\"1024\" src=\"https:\/\/jtobarfbienesraices.com\/wp-content\/uploads\/2023\/10\/WhatsApp-Image-2023-03-13-at-11.28.50-AM.jpeg\" class=\"attachment-large size-large wp-image-285\" alt=\"\" srcset=\"https:\/\/jtobarfbienesraices.com\/wp-content\/uploads\/2023\/10\/WhatsApp-Image-2023-03-13-at-11.28.50-AM.jpeg 768w, https:\/\/jtobarfbienesraices.com\/wp-content\/uploads\/2023\/10\/WhatsApp-Image-2023-03-13-at-11.28.50-AM-225x300.jpeg 225w\" sizes=\"(max-width: 768px) 100vw, 768px\" \/>\t\t\t\t\t\t\t\t\t\t\t\t\t\t\t<\/div>\n\t\t\t\t<\/div>\n\t\t\t\t\t<\/div>\n\t\t<\/div>\n\t\t\t\t\t\t\t<\/div>\n\t\t<\/section>\n\t\t\t\t<section class=\"elementor-section elementor-top-section elementor-element elementor-element-34cf044 elementor-section-boxed elementor-section-height-default elementor-section-height-default\" data-id=\"34cf044\" data-element_type=\"section\">\n\t\t\t\t\t\t<div class=\"elementor-container elementor-column-gap-default\">\n\t\t\t\t\t<div class=\"elementor-column elementor-col-100 elementor-top-column elementor-element elementor-element-8686281\" data-id=\"8686281\" data-element_type=\"column\">\n\t\t\t<div class=\"elementor-widget-wrap elementor-element-populated\">\n\t\t\t\t\t\t\t\t<div class=\"elementor-element elementor-element-1d56715 elementor-widget elementor-widget-image\" data-id=\"1d56715\" data-element_type=\"widget\" data-widget_type=\"image.default\">\n\t\t\t\t<div class=\"elementor-widget-container\">\n\t\t\t\t\t\t\t\t\t\t\t\t\t\t\t<img decoding=\"async\" loading=\"lazy\" width=\"979\" height=\"730\" src=\"https:\/\/jtobarfbienesraices.com\/wp-content\/uploads\/2023\/10\/WhatsApp-Image-2023-03-13-at-11.28.53-AM-3.jpeg\" class=\"attachment-large size-large wp-image-297\" alt=\"\" srcset=\"https:\/\/jtobarfbienesraices.com\/wp-content\/uploads\/2023\/10\/WhatsApp-Image-2023-03-13-at-11.28.53-AM-3.jpeg 979w, https:\/\/jtobarfbienesraices.com\/wp-content\/uploads\/2023\/10\/WhatsApp-Image-2023-03-13-at-11.28.53-AM-3-300x224.jpeg 300w, https:\/\/jtobarfbienesraices.com\/wp-content\/uploads\/2023\/10\/WhatsApp-Image-2023-03-13-at-11.28.53-AM-3-768x573.jpeg 768w\" sizes=\"(max-width: 979px) 100vw, 979px\" \/>\t\t\t\t\t\t\t\t\t\t\t\t\t\t\t<\/div>\n\t\t\t\t<\/div>\n\t\t\t\t\t<\/div>\n\t\t<\/div>\n\t\t\t\t\t\t\t<\/div>\n\t\t<\/section>\n\t\t\t\t<section class=\"elementor-section elementor-top-section elementor-element elementor-element-7e33fb6 elementor-section-boxed elementor-section-height-default elementor-section-height-default\" data-id=\"7e33fb6\" data-element_type=\"section\">\n\t\t\t\t\t\t<div class=\"elementor-container elementor-column-gap-default\">\n\t\t\t\t\t<div class=\"elementor-column elementor-col-100 elementor-top-column elementor-element elementor-element-79d77c2\" data-id=\"79d77c2\" data-element_type=\"column\">\n\t\t\t<div class=\"elementor-widget-wrap elementor-element-populated\">\n\t\t\t\t\t\t\t\t<div class=\"elementor-element elementor-element-ab2c715 elementor-widget elementor-widget-image\" data-id=\"ab2c715\" data-element_type=\"widget\" data-widget_type=\"image.default\">\n\t\t\t\t<div class=\"elementor-widget-container\">\n\t\t\t\t\t\t\t\t\t\t\t\t\t\t\t<img decoding=\"async\" loading=\"lazy\" width=\"979\" height=\"720\" src=\"https:\/\/jtobarfbienesraices.com\/wp-content\/uploads\/2023\/10\/WhatsApp-Image-2023-03-13-at-11.28.54-AM.jpeg\" class=\"attachment-large size-large wp-image-302\" alt=\"\" srcset=\"https:\/\/jtobarfbienesraices.com\/wp-content\/uploads\/2023\/10\/WhatsApp-Image-2023-03-13-at-11.28.54-AM.jpeg 979w, https:\/\/jtobarfbienesraices.com\/wp-content\/uploads\/2023\/10\/WhatsApp-Image-2023-03-13-at-11.28.54-AM-300x221.jpeg 300w, https:\/\/jtobarfbienesraices.com\/wp-content\/uploads\/2023\/10\/WhatsApp-Image-2023-03-13-at-11.28.54-AM-768x565.jpeg 768w\" sizes=\"(max-width: 979px) 100vw, 979px\" \/>\t\t\t\t\t\t\t\t\t\t\t\t\t\t\t<\/div>\n\t\t\t\t<\/div>\n\t\t\t\t\t<\/div>\n\t\t<\/div>\n\t\t\t\t\t\t\t<\/div>\n\t\t<\/section>\n\t\t\t\t<section class=\"elementor-section elementor-top-section elementor-element elementor-element-704bae5 elementor-section-boxed elementor-section-height-default elementor-section-height-default\" data-id=\"704bae5\" data-element_type=\"section\">\n\t\t\t\t\t\t<div class=\"elementor-container elementor-column-gap-default\">\n\t\t\t\t\t<div class=\"elementor-column elementor-col-100 elementor-top-column elementor-element elementor-element-f55e173\" data-id=\"f55e173\" data-element_type=\"column\">\n\t\t\t<div class=\"elementor-widget-wrap\">\n\t\t\t\t\t\t\t\t\t<\/div>\n\t\t<\/div>\n\t\t\t\t\t\t\t<\/div>\n\t\t<\/section>\n\t\t\t\t<section class=\"elementor-section elementor-top-section elementor-element elementor-element-178ff1e elementor-section-boxed elementor-section-height-default elementor-section-height-default\" data-id=\"178ff1e\" data-element_type=\"section\">\n\t\t\t\t\t\t<div class=\"elementor-container elementor-column-gap-default\">\n\t\t\t\t\t<div class=\"elementor-column elementor-col-100 elementor-top-column elementor-element elementor-element-c3599be\" data-id=\"c3599be\" data-element_type=\"column\">\n\t\t\t<div class=\"elementor-widget-wrap elementor-element-populated\">\n\t\t\t\t\t\t\t\t<div class=\"elementor-element elementor-element-a967965 elementor-widget elementor-widget-image\" data-id=\"a967965\" data-element_type=\"widget\" data-widget_type=\"image.default\">\n\t\t\t\t<div class=\"elementor-widget-container\">\n\t\t\t\t\t\t\t\t\t\t\t\t\t\t\t<img decoding=\"async\" loading=\"lazy\" width=\"1024\" height=\"768\" src=\"https:\/\/jtobarfbienesraices.com\/wp-content\/uploads\/2023\/10\/WhatsApp-Image-2023-03-13-at-11.28.52-AM-2.jpeg\" class=\"attachment-large size-large wp-image-292\" alt=\"\" srcset=\"https:\/\/jtobarfbienesraices.com\/wp-content\/uploads\/2023\/10\/WhatsApp-Image-2023-03-13-at-11.28.52-AM-2.jpeg 1024w, https:\/\/jtobarfbienesraices.com\/wp-content\/uploads\/2023\/10\/WhatsApp-Image-2023-03-13-at-11.28.52-AM-2-300x225.jpeg 300w, https:\/\/jtobarfbienesraices.com\/wp-content\/uploads\/2023\/10\/WhatsApp-Image-2023-03-13-at-11.28.52-AM-2-768x576.jpeg 768w\" sizes=\"(max-width: 1024px) 100vw, 1024px\" \/>\t\t\t\t\t\t\t\t\t\t\t\t\t\t\t<\/div>\n\t\t\t\t<\/div>\n\t\t\t\t<div class=\"elementor-element elementor-element-4578972 elementor-widget elementor-widget-image\" data-id=\"4578972\" data-element_type=\"widget\" data-widget_type=\"image.default\">\n\t\t\t\t<div class=\"elementor-widget-container\">\n\t\t\t\t\t\t\t\t\t\t\t\t\t\t\t<img decoding=\"async\" loading=\"lazy\" width=\"768\" height=\"1024\" src=\"https:\/\/jtobarfbienesraices.com\/wp-content\/uploads\/2023\/10\/WhatsApp-Image-2023-03-13-at-11.28.51-AM-4.jpeg\" class=\"attachment-large size-large wp-image-289\" alt=\"\" srcset=\"https:\/\/jtobarfbienesraices.com\/wp-content\/uploads\/2023\/10\/WhatsApp-Image-2023-03-13-at-11.28.51-AM-4.jpeg 768w, https:\/\/jtobarfbienesraices.com\/wp-content\/uploads\/2023\/10\/WhatsApp-Image-2023-03-13-at-11.28.51-AM-4-225x300.jpeg 225w\" sizes=\"(max-width: 768px) 100vw, 768px\" \/>\t\t\t\t\t\t\t\t\t\t\t\t\t\t\t<\/div>\n\t\t\t\t<\/div>\n\t\t\t\t\t<\/div>\n\t\t<\/div>\n\t\t\t\t\t\t\t<\/div>\n\t\t<\/section>\n\t\t\t\t<section class=\"elementor-section elementor-top-section elementor-element elementor-element-ac0722c elementor-section-boxed elementor-section-height-default elementor-section-height-default\" data-id=\"ac0722c\" data-element_type=\"section\">\n\t\t\t\t\t\t<div class=\"elementor-container elementor-column-gap-default\">\n\t\t\t\t\t<div class=\"elementor-column elementor-col-100 elementor-top-column elementor-element elementor-element-d4df184\" data-id=\"d4df184\" data-element_type=\"column\">\n\t\t\t<div class=\"elementor-widget-wrap elementor-element-populated\">\n\t\t\t\t\t\t\t\t<div class=\"elementor-element elementor-element-c4b2c37 elementor-widget elementor-widget-image\" data-id=\"c4b2c37\" data-element_type=\"widget\" data-widget_type=\"image.default\">\n\t\t\t\t<div class=\"elementor-widget-container\">\n\t\t\t\t\t\t\t\t\t\t\t\t\t\t\t<img decoding=\"async\" loading=\"lazy\" width=\"768\" height=\"1024\" src=\"https:\/\/jtobarfbienesraices.com\/wp-content\/uploads\/2023\/10\/WhatsApp-Image-2023-03-13-at-11.28.52-AM-1.jpeg\" class=\"attachment-large size-large wp-image-291\" alt=\"\" srcset=\"https:\/\/jtobarfbienesraices.com\/wp-content\/uploads\/2023\/10\/WhatsApp-Image-2023-03-13-at-11.28.52-AM-1.jpeg 768w, https:\/\/jtobarfbienesraices.com\/wp-content\/uploads\/2023\/10\/WhatsApp-Image-2023-03-13-at-11.28.52-AM-1-225x300.jpeg 225w\" sizes=\"(max-width: 768px) 100vw, 768px\" \/>\t\t\t\t\t\t\t\t\t\t\t\t\t\t\t<\/div>\n\t\t\t\t<\/div>\n\t\t\t\t\t<\/div>\n\t\t<\/div>\n\t\t\t\t\t\t\t<\/div>\n\t\t<\/section>\n\t\t\t\t<section class=\"elementor-section elementor-top-section elementor-element elementor-element-ef4c62a elementor-section-boxed elementor-section-height-default elementor-section-height-default\" data-id=\"ef4c62a\" data-element_type=\"section\">\n\t\t\t\t\t\t<div class=\"elementor-container elementor-column-gap-default\">\n\t\t\t\t\t<div class=\"elementor-column elementor-col-100 elementor-top-column elementor-element elementor-element-07a43c5\" data-id=\"07a43c5\" data-element_type=\"column\">\n\t\t\t<div class=\"elementor-widget-wrap elementor-element-populated\">\n\t\t\t\t\t\t\t\t<div class=\"elementor-element elementor-element-939cd4f elementor-widget elementor-widget-image\" data-id=\"939cd4f\" data-element_type=\"widget\" data-widget_type=\"image.default\">\n\t\t\t\t<div class=\"elementor-widget-container\">\n\t\t\t\t\t\t\t\t\t\t\t\t\t\t\t<img decoding=\"async\" loading=\"lazy\" width=\"768\" height=\"1024\" src=\"https:\/\/jtobarfbienesraices.com\/wp-content\/uploads\/2023\/10\/WhatsApp-Image-2023-03-13-at-11.28.56-AM-1.jpeg\" class=\"attachment-large size-large wp-image-307\" alt=\"\" srcset=\"https:\/\/jtobarfbienesraices.com\/wp-content\/uploads\/2023\/10\/WhatsApp-Image-2023-03-13-at-11.28.56-AM-1.jpeg 768w, https:\/\/jtobarfbienesraices.com\/wp-content\/uploads\/2023\/10\/WhatsApp-Image-2023-03-13-at-11.28.56-AM-1-225x300.jpeg 225w\" sizes=\"(max-width: 768px) 100vw, 768px\" \/>\t\t\t\t\t\t\t\t\t\t\t\t\t\t\t<\/div>\n\t\t\t\t<\/div>\n\t\t\t\t\t<\/div>\n\t\t<\/div>\n\t\t\t\t\t\t\t<\/div>\n\t\t<\/section>\n\t\t\t\t<section class=\"elementor-section elementor-top-section elementor-element elementor-element-2d5dd59f elementor-section-content-middle elementor-section-boxed elementor-section-height-default elementor-section-height-default\" data-id=\"2d5dd59f\" data-element_type=\"section\">\n\t\t\t\t\t\t\t<div class=\"elementor-background-overlay\"><\/div>\n\t\t\t\t\t\t\t<div class=\"elementor-container elementor-column-gap-no\">\n\t\t\t\t\t<div class=\"elementor-column elementor-col-100 elementor-top-column elementor-element elementor-element-a745196\" data-id=\"a745196\" data-element_type=\"column\">\n\t\t\t<div class=\"elementor-widget-wrap elementor-element-populated\">\n\t\t\t\t\t\t\t\t<div class=\"elementor-element elementor-element-69ba23e9 elementor-view-default elementor-position-top elementor-mobile-position-top elementor-widget elementor-widget-icon-box\" data-id=\"69ba23e9\" data-element_type=\"widget\" data-widget_type=\"icon-box.default\">\n\t\t\t\t<div class=\"elementor-widget-container\">\n\t\t\t<link rel=\"stylesheet\" href=\"https:\/\/jtobarfbienesraices.com\/wp-content\/plugins\/elementor\/assets\/css\/widget-icon-box.min.css\">\t\t<div class=\"elementor-icon-box-wrapper\">\n\t\t\t\t\t\t<div class=\"elementor-icon-box-icon\">\n\t\t\t\t<span class=\"elementor-icon elementor-animation-\" >\n\t\t\t\t<i aria-hidden=\"true\" class=\"fas fa-stream\"><\/i>\t\t\t\t<\/span>\n\t\t\t<\/div>\n\t\t\t\t\t\t<div class=\"elementor-icon-box-content\">\n\t\t\t\t<h4 class=\"elementor-icon-box-title\">\n\t\t\t\t\t<span  >\n\t\t\t\t\t\tCONOCE M\u00c1S\t\t\t\t\t<\/span>\n\t\t\t\t<\/h4>\n\t\t\t\t\t\t\t\t\t<p class=\"elementor-icon-box-description\">\n\t\t\t\t\t\tSE VENDE CASA DE PLAYA EN GORGONA\t\t\t\t\t<\/p>\n\t\t\t\t\t\t\t<\/div>\n\t\t<\/div>\n\t\t\t\t<\/div>\n\t\t\t\t<\/div>\n\t\t\t\t<div class=\"elementor-element elementor-element-587b9ca9 elementor-widget elementor-widget-text-editor\" data-id=\"587b9ca9\" data-element_type=\"widget\" data-widget_type=\"text-editor.default\">\n\t\t\t\t<div class=\"elementor-widget-container\">\n\t\t\t<style>\/*! elementor - v3.15.0 - 20-08-2023 *\/\n.elementor-widget-text-editor.elementor-drop-cap-view-stacked .elementor-drop-cap{background-color:#69727d;color:#fff}.elementor-widget-text-editor.elementor-drop-cap-view-framed .elementor-drop-cap{color:#69727d;border:3px solid;background-color:transparent}.elementor-widget-text-editor:not(.elementor-drop-cap-view-default) .elementor-drop-cap{margin-top:8px}.elementor-widget-text-editor:not(.elementor-drop-cap-view-default) .elementor-drop-cap-letter{width:1em;height:1em}.elementor-widget-text-editor .elementor-drop-cap{float:left;text-align:center;line-height:1;font-size:50px}.elementor-widget-text-editor .elementor-drop-cap-letter{display:inline-block}<\/style>\t\t\t\t<p>\u00a1No pierdas la oportunidad de adquirir esta incre\u00edble casa de playa que es una inversi\u00f3n excepcional! Con una ubicaci\u00f3n envidiable y una amplia gama de comodidades, esta propiedad es perfecta para aquellos que buscan un retiro tranquilo junto al mar o desean invertir en un destino tur\u00edstico de alto potencial. Aqu\u00ed tienes todos los detalles que necesitas:<br \/><br \/><img decoding=\"async\" class=\"an1\" src=\"https:\/\/fonts.gstatic.com\/s\/e\/notoemoji\/15.0\/1f3e0\/32.png\" alt=\"\ud83c\udfe0\" data-emoji=\"\ud83c\udfe0\" aria-label=\"\ud83c\udfe0\" \/>Casa de Playa en Venta<br \/><img decoding=\"async\" class=\"an1\" src=\"https:\/\/fonts.gstatic.com\/s\/e\/notoemoji\/15.0\/1f4cd\/32.png\" alt=\"\ud83d\udccd\" data-emoji=\"\ud83d\udccd\" aria-label=\"\ud83d\udccd\" \/>Ubicaci\u00f3n: [Insertar la ubicaci\u00f3n]<br \/><img decoding=\"async\" class=\"an1\" src=\"https:\/\/fonts.gstatic.com\/s\/e\/notoemoji\/15.0\/1f4d0\/32.png\" alt=\"\ud83d\udcd0\" data-emoji=\"\ud83d\udcd0\" aria-label=\"\ud83d\udcd0\" \/>180 m\u00b2 de construcci\u00f3n<br \/><img decoding=\"async\" class=\"an1\" src=\"https:\/\/fonts.gstatic.com\/s\/e\/notoemoji\/15.0\/1f4d0\/32.png\" alt=\"\ud83d\udcd0\" data-emoji=\"\ud83d\udcd0\" aria-label=\"\ud83d\udcd0\" \/>1000 m\u00b2 de terreno<br \/><br \/>Caracter\u00edsticas de la propiedad:<br \/><img decoding=\"async\" class=\"an1\" src=\"https:\/\/fonts.gstatic.com\/s\/e\/notoemoji\/15.0\/1f6cf\/32.png\" alt=\"\ud83d\udecf\" data-emoji=\"\ud83d\udecf\" aria-label=\"\ud83d\udecf\" \/>2 habitaciones espaciosas<br \/><img decoding=\"async\" class=\"an1\" src=\"https:\/\/fonts.gstatic.com\/s\/e\/notoemoji\/15.0\/1f6bf\/32.png\" alt=\"\ud83d\udebf\" data-emoji=\"\ud83d\udebf\" aria-label=\"\ud83d\udebf\" \/>2.5 ba\u00f1os modernos y funcionales<br \/><img decoding=\"async\" class=\"an1\" src=\"https:\/\/fonts.gstatic.com\/s\/e\/notoemoji\/15.0\/1f697\/32.png\" alt=\"\ud83d\ude97\" data-emoji=\"\ud83d\ude97\" aria-label=\"\ud83d\ude97\" \/>4 espacios de estacionamiento<br \/><img decoding=\"async\" class=\"an1\" src=\"https:\/\/fonts.gstatic.com\/s\/e\/notoemoji\/15.0\/1f3ca_200d_2642_fe0f\/32.png\" alt=\"\ud83c\udfca\u200d\u2642\ufe0f\" data-emoji=\"\ud83c\udfca\u200d\u2642\ufe0f\" aria-label=\"\ud83c\udfca\u200d\u2642\ufe0f\" \/>Piscina para disfrutar del sol y el agua<br \/><img decoding=\"async\" class=\"an1\" src=\"https:\/\/fonts.gstatic.com\/s\/e\/notoemoji\/15.0\/1f4a7\/32.png\" alt=\"\ud83d\udca7\" data-emoji=\"\ud83d\udca7\" aria-label=\"\ud83d\udca7\" \/>Tanque de agua de reserva para garantizar el suministro constante<br \/><img decoding=\"async\" class=\"an1\" src=\"https:\/\/fonts.gstatic.com\/s\/e\/notoemoji\/15.0\/1f3da_fe0f\/32.png\" alt=\"\ud83c\udfda\ufe0f\" data-emoji=\"\ud83c\udfda\ufe0f\" aria-label=\"\ud83c\udfda\ufe0f\" \/>Dep\u00f3sito para almacenamiento adicional<br \/><img decoding=\"async\" class=\"an1\" src=\"https:\/\/fonts.gstatic.com\/s\/e\/notoemoji\/15.0\/1f305\/32.png\" alt=\"\ud83c\udf05\" data-emoji=\"\ud83c\udf05\" aria-label=\"\ud83c\udf05\" \/>Terraza para relajarte y disfrutar de las vistas<br \/><img decoding=\"async\" class=\"an1\" src=\"https:\/\/fonts.gstatic.com\/s\/e\/notoemoji\/15.0\/1f3e1\/32.png\" alt=\"\ud83c\udfe1\" data-emoji=\"\ud83c\udfe1\" aria-label=\"\ud83c\udfe1\" \/>Unifamiliar, lo que significa privacidad y tranquilidad<br \/><br \/>Esta casa es ideal para vivir c\u00f3modamente o como inversi\u00f3n en un mercado tur\u00edstico en crecimiento. La ubicaci\u00f3n es perfecta para escapar del bullicio de la ciudad y disfrutar de la serenidad del mar.<br \/><br \/>Precio de venta: $280,000<br \/><br \/>\u00a1No dejes pasar esta oportunidad \u00fanica de adquirir tu propio pedazo de para\u00edso junto al mar! Cont\u00e1ctanos ahora para programar una visita o para obtener m\u00e1s informaci\u00f3n. \u00a1Esta propiedad no durar\u00e1 mucho en el mercado!<\/p>\t\t\t\t\t\t<\/div>\n\t\t\t\t<\/div>\n\t\t\t\t\t<\/div>\n\t\t<\/div>\n\t\t\t\t\t\t\t<\/div>\n\t\t<\/section>\n\t\t\t\t\t\t\t<\/div>\n\t\t","protected":false},"excerpt":{"rendered":"<p>CONOCE M\u00c1S SE VENDE CASA DE PLAYA EN GORGONA \u00a1No pierdas la oportunidad de adquirir esta incre\u00edble casa de playa que es una inversi\u00f3n excepcional! Con una ubicaci\u00f3n envidiable y una amplia gama de comodidades, esta propiedad es perfecta para aquellos que buscan un retiro tranquilo junto al mar o desean invertir en un destino &hellip;<\/p>\n<p class=\"read-more\"> <a class=\"\" href=\"https:\/\/jtobarfbienesraices.com\/index.php\/casa-en-venta-en-gorgona\/\"> <span class=\"screen-reader-text\">Casa en venta en Gorgona<\/span> Read More &raquo;<\/a><\/p>\n","protected":false},"author":1,"featured_media":0,"parent":0,"menu_order":0,"comment_status":"closed","ping_status":"closed","template":"","meta":{"site-sidebar-layout":"no-sidebar","site-content-layout":"","ast-site-content-layout":"full-width-container","site-content-style":"default","site-sidebar-style":"default","ast-global-header-display":"","ast-banner-title-visibility":"","ast-main-header-display":"","ast-hfb-above-header-display":"","ast-hfb-below-header-display":"","ast-hfb-mobile-header-display":"","site-post-title":"disabled","ast-breadcrumbs-content":"","ast-featured-img":"disabled","footer-sml-layout":"","theme-transparent-header-meta":"","adv-header-id-meta":"","stick-header-meta":"","header-above-stick-meta":"","header-main-stick-meta":"","header-below-stick-meta":"","astra-migrate-meta-layouts":"","footnotes":"","_joinchat":[]},"_links":{"self":[{"href":"https:\/\/jtobarfbienesraices.com\/index.php\/wp-json\/wp\/v2\/pages\/310"}],"collection":[{"href":"https:\/\/jtobarfbienesraices.com\/index.php\/wp-json\/wp\/v2\/pages"}],"about":[{"href":"https:\/\/jtobarfbienesraices.com\/index.php\/wp-json\/wp\/v2\/types\/page"}],"author":[{"embeddable":true,"href":"https:\/\/jtobarfbienesraices.com\/index.php\/wp-json\/wp\/v2\/users\/1"}],"replies":[{"embeddable":true,"href":"https:\/\/jtobarfbienesraices.com\/index.php\/wp-json\/wp\/v2\/comments?post=310"}],"version-history":[{"count":7,"href":"https:\/\/jtobarfbienesraices.com\/index.php\/wp-json\/wp\/v2\/pages\/310\/revisions"}],"predecessor-version":[{"id":320,"href":"https:\/\/jtobarfbienesraices.com\/index.php\/wp-json\/wp\/v2\/pages\/310\/revisions\/320"}],"wp:attachment":[{"href":"https:\/\/jtobarfbienesraices.com\/index.php\/wp-json\/wp\/v2\/media?parent=310"}],"curies":[{"name":"wp","href":"https:\/\/api.w.org\/{rel}","templated":true}]}}